the remainder when f(-7) is divided by i.
11
Suppose 5*v = -s + 83, -119 + 384 = 5*s - 5*v. Suppose s = -338*p + 340*p. Calculate the remainder when 83 is divided by p.
25
Suppose 4380 = -113*t + 11361 + 13020. Suppose 2 = -4*d + 122. Calculate the remainder when t is divided by d.
27
Let m(g) be the first derivative of g**4/4 - 4*g**3/3 - 5*g**2 - 13*g - 19. Let n(y) = -3*y - 1. What is the remainder when m(7) is divided by n(-6)?
13
Let p(m) be the third derivative of m**5/60 + 5*m**4/8 - 31*m**3/6 + 20*m**2. Calculate the remainder when 64 is divided by p(-17).
1
Let m(z) = 16*z - z**2 - 17 - 8 - 16 + 8. Let i be m(14). Let n = i + 64. Calculate the remainder when n is divided by 22.
15
Let a(x) = -11*x + 164. Let w be a(13). Calculate the remainder when 47 is divided by w - 8/((-48)/18).
23
Let k be (2/(-7))/((-4)/28). Suppose -238 = -4*o - 3*m, 3*o - k*m - 20 - 150 = 0. Calculate the remainder when o is divided by 15.
13
Let j be 5 - 0 - 16 - -5. Let o be (-644)/(-24) + (-1)/j. Suppose y - 4*f = 20, 2*f + o + 25 = 2*y. Calculate the remainder when 82 is divided by y.
26
What is the remainder when ((-180)/108)/((-1)/6) - -1163 is divided by 136?
85
Let v(o) = -324*o + 5255. What is the remainder when 264 is divided by v(16)?
51
Suppose -3*h = -2*m - 65, 236*h - 241*h = 2*m - 135. What is the remainder when 34 is divided by h?
9
Let f(d) = d**2 - 8*d - 6. Let j be f(9). Let k = 2850 + -2612. Calculate the remainder when k is divided by -40*(9/5 - j).
46
What is the remainder when ((-15)/(-12) - 1) + (-21869)/(-76) is divided by 76?
60
Let b(f) = -f**3 + 9*f**2 + 6*f - 10. Suppose 6 = -4*y - 10. Let c(u) = u**3 + 6*u**2 + 3*u - 4. What is the remainder when b(9) is divided by c(y)?
12
Suppose -4*y + 4024 = -2*l, l = -2*l + 6. Calculate the remainder when y is divided by 332.
11
Suppose -47*c + 4037 = 1499. Calculate the remainder when 103 is divided by c.
49
Let u = 441 + -449. What is the remainder when (-421)/u + (-12)/(-32) is divided by 7?
4
Let b = 3 - -4. Calculate the remainder when 30 + 15700/(-525) + 2768/42 is divided by b.
3
Suppose 23*h - 4*p = 21*h - 210, -4*p = -5*h - 537. What is the remainder when h/(2/(-8 + 6)) is divided by 14?
11
Let r = -810 + 1218. What is the remainder when 16/(-6)*r/(-32) is divided by ((-6)/(-12))/(3/54)?
7
Let s(z) = -86*z - 377. Suppose -q + 65 = 2*n, -26 + 1 = 5*q. Suppose c - 2*c = -n. Calculate the remainder when s(-6) is divided by c.
34
Let f = -870 + 1610. Suppose -4*c + 4*g + f = -g, g + 756 = 4*c. Calculate the remainder when c is divided by 13.
8
Let a be (-2)/(-5)*(33 + 22). Suppose 2772 = a*n + 20*n. What is the remainder when n is divided by 28?
10
Let s(n) = 57*n - 2. Let b be s(2). Suppose -2728 + 1023 = -11*w. Let t = w - b. Calculate the remainder when t is divided by 15.
13
Let g = -37 - -48. Let v(c) = 3*c**2 - 17*c - 43. What is the remainder when v(10) is divided by g?
10
Let w(x) = 47*x - 1127. Calculate the remainder when (3/1*1)/(4/16) is divided by w(24).
0
Let v(m) = -21*m + 534. Let c(d) = 10*d - 264. Let o(z) = -7*c(z) - 4*v(z). What is the remainder when 128 is divided by o(21)?
2
Let l be (0 - 2) + (0 + 5 - 4). What is the remainder when 68 is divided by ((-1)/1*l)/((-11)/(-231))?
5
Let w be 1*(-2 - 48) + -3. Let z(x) = -6*x + 40. Let l be z(-15). Let g = l + w. What is the remainder when g is divided by 13?
12
Suppose -4*s = 4*b - 848, -20*b + 4*s + 376 = -18*b. What is the remainder when b is divided by 142?
62
Suppose -i = 2*m - 5, 2*m - 5 = -3*m. Suppose b = -5, i*s - 2*b = b + 45. Let c(r) = r**2 - 3*r - 1. What is the remainder when c(8) is divided by s?
9
Suppose 2*u + 2 = 0, -3*u = -q - 0*u + 22. Let f(l) = l**3 + 3*l - 8. Let m be f(0). Let z = 27 - m. Calculate the remainder when z is divided by q.
16
Suppose 0 = -5*y - 61 - 299. Let k be (y/(-27))/((-4)/(-786)). Calculate the remainder when k/10 - (9/(-15) + 1) is divided by 8.
4
Let l = 1374 + -1187. Suppose -24 = 2*h + 48. Let j = h + l. What is the remainder when j is divided by 38?
37
Let u be -9*(-3)/(-9) + (2 - -1). Suppose 2*s - 73 = -s + 2*a, -4*s - 2*a + 74 = u. What is the remainder when s is divided by 13?
8
Let m = 292 + -288. Suppose 4*r = 2*h - 158, -m*r + 211 + 105 = 4*h. Calculate the remainder when h is divided by 12.
7
Let u be 8483/119 - (-2)/(-7). Let q = -69 + u. What is the remainder when 2 is divided by q?
0
Let g(m) = 9*m**2 + 4*m - 175. Let c be g(11). Let d = -866 + c. What is the remainder when d is divided by ((-16)/3)/(2/(-12))?
28
Calculate the remainder when -98 + 2721 - (11 + -2) is divided by 238.
234
Let t = -20683 - -20705. Let f(j) = j**2 + 3*j - 2. Let w be f(-4). Calculate the remainder when -2 - (-90)/w - 1 is divided by t.
20
Let m = 16063 - 14733. Calculate the remainder when m is divided by 4.
2
Let n(r) = -11*r - 19. Let m be n(-3). Suppose -m*b + 620 + 2236 = 0. Calculate the remainder when b is divided by 23.
20
Let g(w) = 70*w**2 + 65*w - 5. What is the remainder when 9423 is divided by g(-2)?
143
Suppose 0 = q + 2*u - 96, 5*q = -572*u + 576*u + 452. Calculate the remainder when 97 is divided by q.
5
Let o be 6/(-2) + 3 - -2. Suppose 5*u - 29 = -3*a, -2*u - o*u - a = -26. Suppose 0 = -u*n - 2*n + 18. Calculate the remainder when 5 is divided by n.
1
Let w = 3946 + -3926. Calculate the remainder when 12113 is divided by w.
13
Let k = 332 - 473. Let c = k + 282. Calculate the remainder when c is divided by 48.
45
Let g be 4/(-6) - (-771)/9. Suppose 38 = 2*y - 4*b, -5*y - 4*b + 80 = -g. Let r(j) = 6*j**2 + 71*j - 34. Calculate the remainder when r(-13) is divided by y.
28
Let i(h) be the first derivative of -h**3/3 + 11*h**2/2 + 5*h - 48. What is the remainder when i(5) is divided by 9?
8
Suppose 306*a - 55693 - 89376 = 215399. What is the remainder when a is divided by 387?
17
Let d(f) = 386*f**3 + 3*f**2 - 2*f - 3. Let j be d(-1). Let b = 413 + j. What is the remainder when b is divided by 13?
3
Let r = -44 + 164. Suppose -2919 = 14*m - 3297. What is the remainder when r is divided by m?
12
Let q(c) = 23*c**2 + 9*c + 16. What is the remainder when 597 is divided by q(-3)?
9
Let f(l) = -2*l - 1. Let w(t) = 7*t. Let v(u) = 6*f(u) + w(u). Let p be v(-2). Suppose 9*q - p*q - 135 = 0. Calculate the remainder when 67 is divided by q.
13
Let c(h) = -h**3 - 5*h**2 - 4*h - 19. Let t be c(-6). Let w be -2 - ((-1 - t) + 3). Let v = -29 + w. What is the remainder when v is divided by 6?
2
Suppose -4*i + 365 = -0*i + i. Calculate the remainder when 212 is divided by i.
66
Let m = -944 - -1120. Calculate the remainder when 511 is divided by m.
159
Let m = -35554 - -35564. Suppose -6*v + 687 = 3*h - 4*v, 0 = h + v - 229. Calculate the remainder when h is divided by m.
9
Let s = 16254 + -16228. What is the remainder when 1227 is divided by s?
5
Suppose 4*x = 3*x + 51. What is the remainder when ((-70)/21)/(202/(-33936)) is divided by x?
50
Let t = 12714 - 12618. Calculate the remainder when t is divided by 44.
8
Suppose -4*x - 5 = 443. Let w = -6297 - -6423. Let k = x + w. Calculate the remainder when 68 is divided by k.
12
Let p be 12/(-9)*(-437 - -11). Suppose 7*l + 8 - p = 0. Let d = 13 - -1. Calculate the remainder when l is divided by d.
10
Suppose -2*v + 5 = -3. Suppose v*z + 0*t - 4*t = 44, -3*t = 5*z - 31. Suppose -208 = -17*j + 421. Calculate the remainder when j is divided by z.
5
Let d(a) = -2*a**2 - 42*a - 108. Let i be d(-18). Calculate the remainder when 180 is divided by (-1 - i)*(-36 + 8 + -9).
32
Suppose 13357 + 4788 = 28*t - 17499. Calculate the remainder when t is divided by 98.
97
Suppose -3 = g - 33. Let i = 99 + -45. Let p = i + -46. Calculate the remainder when g is divided by p.
6
Calculate the remainder when 89/(-534) - 746/(-12) is divided by 48.
14
Let q(n) = -n + 1. Let z = 48 - 41. Let t be q(z). Let d(f) = f**2 + 7*f + 11. What is the remainder when 14 is divided by d(t)?
4
Suppose -15 = 59*d - 1313. What is the remainder when 4725 is divided by d?
17
Suppose 0 = 11*r - 13*r - 28. Suppose -1194 = -8*l - 218. Calculate the remainder when l is divided by (-12 - r)*29/2 - -3.
26
Suppose 739*a = 731*a + 1176. Suppose 153 = -q + 5*q - j, 0 = -2*q - 5*j + 71. What is the remainder when a is divided by q?
33
Let g(p) = 12*p - 1. Let m = 2 + 0. Let u be g